{"id":51,"date":"2024-09-13T15:03:08","date_gmt":"2024-09-13T13:03:08","guid":{"rendered":"https:\/\/schuetz-und-partner.de\/?page_id=51"},"modified":"2024-09-16T15:29:16","modified_gmt":"2024-09-16T13:29:16","slug":"home","status":"publish","type":"page","link":"https:\/\/schuetz-und-partner.de\/","title":{"rendered":"Start"},"content":{"rendered":"\t\t<div data-elementor-type=\"wp-page\" data-elementor-id=\"51\" class=\"elementor elementor-51\" data-elementor-post-type=\"page\">\n\t\t\t\t<div class=\"elementor-element elementor-element-8bb7004 e-flex e-con-boxed e-con e-parent\" data-id=\"8bb7004\" data-element_type=\"container\" data-settings=\"{&quot;background_background&quot;:&quot;classic&quot;}\">\n\t\t\t\t\t<div class=\"e-con-inner\">\n\t\t<div class=\"elementor-element elementor-element-4036ee9 e-con-full e-flex e-con e-child\" data-id=\"4036ee9\" data-element_type=\"container\">\n\t\t\t\t<div class=\"elementor-element elementor-element-407f3cc elementor-widget elementor-widget-heading\" data-id=\"407f3cc\" data-element_type=\"widget\" data-widget_type=\"heading.default\">\n\t\t\t\t<div class=\"elementor-widget-container\">\n\t\t\t<h2 class=\"elementor-heading-title elementor-size-default\">\u201eEs gibt nichts, was es nicht gibt!\u201c<\/h2>\t\t<\/div>\n\t\t\t\t<\/div>\n\t\t\t\t<div class=\"elementor-element elementor-element-c5cfdf6 elementor-widget elementor-widget-text-editor\" data-id=\"c5cfdf6\" data-element_type=\"widget\" data-widget_type=\"text-editor.default\">\n\t\t\t\t<div class=\"elementor-widget-container\">\n\t\t\t\t\t\t\t<p>Mit dieser Devise sind wir immer f\u00fcr etwas au\u00dfergew\u00f6hnliches bereit.<\/p>\t\t\t\t\t\t<\/div>\n\t\t\t\t<\/div>\n\t\t\t\t<\/div>\n\t\t<div class=\"elementor-element elementor-element-abe0b24 e-con-full e-flex e-con e-child\" data-id=\"abe0b24\" data-element_type=\"container\">\n\t\t\t\t<div class=\"elementor-element elementor-element-83b1ef2 elementor-widget elementor-widget-image\" data-id=\"83b1ef2\" data-element_type=\"widget\" data-widget_type=\"image.default\">\n\t\t\t\t<div class=\"elementor-widget-container\">\n\t\t\t\t\t\t\t\t\t\t\t\t\t<img fetchpriority=\"high\" decoding=\"async\" width=\"1024\" height=\"686\" src=\"https:\/\/schuetz-und-partner.de\/wp-content\/uploads\/2024\/09\/pexels-pixabay-66258-edited-1024x686.jpg\" class=\"attachment-large size-large wp-image-10\" alt=\"\" srcset=\"https:\/\/schuetz-und-partner.de\/wp-content\/uploads\/2024\/09\/pexels-pixabay-66258-edited-1024x686.jpg 1024w, https:\/\/schuetz-und-partner.de\/wp-content\/uploads\/2024\/09\/pexels-pixabay-66258-edited-300x201.jpg 300w, https:\/\/schuetz-und-partner.de\/wp-content\/uploads\/2024\/09\/pexels-pixabay-66258-edited-768x514.jpg 768w, https:\/\/schuetz-und-partner.de\/wp-content\/uploads\/2024\/09\/pexels-pixabay-66258-edited-1536x1028.jpg 1536w, https:\/\/schuetz-und-partner.de\/wp-content\/uploads\/2024\/09\/pexels-pixabay-66258-edited-2048x1371.jpg 2048w\" sizes=\"(max-width: 1024px) 100vw, 1024px\" \/>\t\t\t\t\t\t\t\t\t\t\t\t\t<\/div>\n\t\t\t\t<\/div>\n\t\t\t\t<\/div>\n\t\t\t\t\t<\/div>\n\t\t\t\t<\/div>\n\t\t\t\t<\/div>\n\t\t","protected":false},"excerpt":{"rendered":"<p>\u201eEs gibt nichts, was es nicht gibt!\u201c Mit dieser Devise sind wir immer f\u00fcr etwas au\u00dfergew\u00f6hnliches bereit.<\/p>\n","protected":false},"author":1,"featured_media":0,"parent":0,"menu_order":0,"comment_status":"closed","ping_status":"closed","template":"","meta":{"footnotes":""},"class_list":["post-51","page","type-page","status-publish","hentry"],"blocksy_meta":{"has_hero_section":"disabled","styles_descriptor":{"styles":{"desktop":"","tablet":"","mobile":""},"google_fonts":[],"version":6}},"yoast_head":"<!-- This site is optimized with the Yoast SEO plugin v23.4 - https:\/\/yoast.com\/wordpress\/plugins\/seo\/ -->\n<title>Start | Sch\u00fctz und Partner | Agentur f\u00fcr Kommunikation<\/title>\n<meta name=\"robots\" content=\"index, follow, max-snippet:-1, max-image-preview:large, max-video-preview:-1\" \/>\n<link rel=\"canonical\" href=\"https:\/\/schuetz-und-partner.de\/\" \/>\n<meta property=\"og:locale\" content=\"de_DE\" \/>\n<meta property=\"og:type\" content=\"article\" \/>\n<meta property=\"og:title\" content=\"Start | Sch\u00fctz und Partner | Agentur f\u00fcr Kommunikation\" \/>\n<meta property=\"og:description\" content=\"\u201eEs gibt nichts, was es nicht gibt!\u201c Mit dieser Devise sind wir immer f\u00fcr etwas au\u00dfergew\u00f6hnliches bereit.\" \/>\n<meta property=\"og:url\" content=\"https:\/\/schuetz-und-partner.de\/\" \/>\n<meta property=\"og:site_name\" content=\"Sch\u00fctz und Partner | Agentur f\u00fcr Kommunikation\" \/>\n<meta property=\"article:modified_time\" content=\"2024-09-16T13:29:16+00:00\" \/>\n<meta property=\"og:image\" content=\"https:\/\/schuetz-und-partner.de\/wp-content\/uploads\/2024\/09\/pexels-pixabay-66258-edited-1024x686.jpg\" \/>\n<meta name=\"twitter:card\" content=\"summary_large_image\" \/>\n<meta name=\"twitter:label1\" content=\"Gesch\u00e4tzte Lesezeit\" \/>\n\t<meta name=\"twitter:data1\" content=\"1\u00a0Minute\" \/>\n<script type=\"application\/ld+json\" class=\"yoast-schema-graph\">{\"@context\":\"https:\/\/schema.org\",\"@graph\":[{\"@type\":\"WebPage\",\"@id\":\"https:\/\/schuetz-und-partner.de\/\",\"url\":\"https:\/\/schuetz-und-partner.de\/\",\"name\":\"Start | Sch\u00fctz und Partner | Agentur f\u00fcr Kommunikation\",\"isPartOf\":{\"@id\":\"https:\/\/schuetz-und-partner.de\/#website\"},\"primaryImageOfPage\":{\"@id\":\"https:\/\/schuetz-und-partner.de\/#primaryimage\"},\"image\":{\"@id\":\"https:\/\/schuetz-und-partner.de\/#primaryimage\"},\"thumbnailUrl\":\"https:\/\/schuetz-und-partner.de\/wp-content\/uploads\/2024\/09\/pexels-pixabay-66258-edited-1024x686.jpg\",\"datePublished\":\"2024-09-13T13:03:08+00:00\",\"dateModified\":\"2024-09-16T13:29:16+00:00\",\"breadcrumb\":{\"@id\":\"https:\/\/schuetz-und-partner.de\/#breadcrumb\"},\"inLanguage\":\"de\",\"potentialAction\":[{\"@type\":\"ReadAction\",\"target\":[\"https:\/\/schuetz-und-partner.de\/\"]}]},{\"@type\":\"ImageObject\",\"inLanguage\":\"de\",\"@id\":\"https:\/\/schuetz-und-partner.de\/#primaryimage\",\"url\":\"https:\/\/schuetz-und-partner.de\/wp-content\/uploads\/2024\/09\/pexels-pixabay-66258-edited.jpg\",\"contentUrl\":\"https:\/\/schuetz-und-partner.de\/wp-content\/uploads\/2024\/09\/pexels-pixabay-66258-edited.jpg\",\"width\":2430,\"height\":1627},{\"@type\":\"BreadcrumbList\",\"@id\":\"https:\/\/schuetz-und-partner.de\/#breadcrumb\",\"itemListElement\":[{\"@type\":\"ListItem\",\"position\":1,\"name\":\"Startseite\",\"item\":\"https:\/\/schuetz-und-partner.de\/\"},{\"@type\":\"ListItem\",\"position\":2,\"name\":\"Start\"}]},{\"@type\":\"WebSite\",\"@id\":\"https:\/\/schuetz-und-partner.de\/#website\",\"url\":\"https:\/\/schuetz-und-partner.de\/\",\"name\":\"schuetz-und-partner.de\",\"description\":\"Es gibt nichts, was es nicht gibt!\",\"publisher\":{\"@id\":\"https:\/\/schuetz-und-partner.de\/#organization\"},\"alternateName\":\"Agentur Sch\u00fctz und Partner\",\"potentialAction\":[{\"@type\":\"SearchAction\",\"target\":{\"@type\":\"EntryPoint\",\"urlTemplate\":\"https:\/\/schuetz-und-partner.de\/?s={search_term_string}\"},\"query-input\":{\"@type\":\"PropertyValueSpecification\",\"valueRequired\":true,\"valueName\":\"search_term_string\"}}],\"inLanguage\":\"de\"},{\"@type\":\"Organization\",\"@id\":\"https:\/\/schuetz-und-partner.de\/#organization\",\"name\":\"Sch\u00fctz und Partner | Agentur f\u00fcr Kommunikation\",\"alternateName\":\"Sch\u00fctz und Partner\",\"url\":\"https:\/\/schuetz-und-partner.de\/\",\"logo\":{\"@type\":\"ImageObject\",\"inLanguage\":\"de\",\"@id\":\"https:\/\/schuetz-und-partner.de\/#\/schema\/logo\/image\/\",\"url\":\"https:\/\/schuetz-und-partner.de\/wp-content\/uploads\/2024\/04\/LogoPlus.png\",\"contentUrl\":\"https:\/\/schuetz-und-partner.de\/wp-content\/uploads\/2024\/04\/LogoPlus.png\",\"width\":512,\"height\":512,\"caption\":\"Sch\u00fctz und Partner | Agentur f\u00fcr Kommunikation\"},\"image\":{\"@id\":\"https:\/\/schuetz-und-partner.de\/#\/schema\/logo\/image\/\"}}]}<\/script>\n<!-- \/ Yoast SEO plugin. -->","yoast_head_json":{"title":"Start | Sch\u00fctz und Partner | Agentur f\u00fcr Kommunikation","robots":{"index":"index","follow":"follow","max-snippet":"max-snippet:-1","max-image-preview":"max-image-preview:large","max-video-preview":"max-video-preview:-1"},"canonical":"https:\/\/schuetz-und-partner.de\/","og_locale":"de_DE","og_type":"article","og_title":"Start | Sch\u00fctz und Partner | Agentur f\u00fcr Kommunikation","og_description":"\u201eEs gibt nichts, was es nicht gibt!\u201c Mit dieser Devise sind wir immer f\u00fcr etwas au\u00dfergew\u00f6hnliches bereit.","og_url":"https:\/\/schuetz-und-partner.de\/","og_site_name":"Sch\u00fctz und Partner | Agentur f\u00fcr Kommunikation","article_modified_time":"2024-09-16T13:29:16+00:00","og_image":[{"url":"https:\/\/schuetz-und-partner.de\/wp-content\/uploads\/2024\/09\/pexels-pixabay-66258-edited-1024x686.jpg"}],"twitter_card":"summary_large_image","twitter_misc":{"Gesch\u00e4tzte Lesezeit":"1\u00a0Minute"},"schema":{"@context":"https:\/\/schema.org","@graph":[{"@type":"WebPage","@id":"https:\/\/schuetz-und-partner.de\/","url":"https:\/\/schuetz-und-partner.de\/","name":"Start | Sch\u00fctz und Partner | Agentur f\u00fcr Kommunikation","isPartOf":{"@id":"https:\/\/schuetz-und-partner.de\/#website"},"primaryImageOfPage":{"@id":"https:\/\/schuetz-und-partner.de\/#primaryimage"},"image":{"@id":"https:\/\/schuetz-und-partner.de\/#primaryimage"},"thumbnailUrl":"https:\/\/schuetz-und-partner.de\/wp-content\/uploads\/2024\/09\/pexels-pixabay-66258-edited-1024x686.jpg","datePublished":"2024-09-13T13:03:08+00:00","dateModified":"2024-09-16T13:29:16+00:00","breadcrumb":{"@id":"https:\/\/schuetz-und-partner.de\/#breadcrumb"},"inLanguage":"de","potentialAction":[{"@type":"ReadAction","target":["https:\/\/schuetz-und-partner.de\/"]}]},{"@type":"ImageObject","inLanguage":"de","@id":"https:\/\/schuetz-und-partner.de\/#primaryimage","url":"https:\/\/schuetz-und-partner.de\/wp-content\/uploads\/2024\/09\/pexels-pixabay-66258-edited.jpg","contentUrl":"https:\/\/schuetz-und-partner.de\/wp-content\/uploads\/2024\/09\/pexels-pixabay-66258-edited.jpg","width":2430,"height":1627},{"@type":"BreadcrumbList","@id":"https:\/\/schuetz-und-partner.de\/#breadcrumb","itemListElement":[{"@type":"ListItem","position":1,"name":"Startseite","item":"https:\/\/schuetz-und-partner.de\/"},{"@type":"ListItem","position":2,"name":"Start"}]},{"@type":"WebSite","@id":"https:\/\/schuetz-und-partner.de\/#website","url":"https:\/\/schuetz-und-partner.de\/","name":"schuetz-und-partner.de","description":"Es gibt nichts, was es nicht gibt!","publisher":{"@id":"https:\/\/schuetz-und-partner.de\/#organization"},"alternateName":"Agentur Sch\u00fctz und Partner","potentialAction":[{"@type":"SearchAction","target":{"@type":"EntryPoint","urlTemplate":"https:\/\/schuetz-und-partner.de\/?s={search_term_string}"},"query-input":{"@type":"PropertyValueSpecification","valueRequired":true,"valueName":"search_term_string"}}],"inLanguage":"de"},{"@type":"Organization","@id":"https:\/\/schuetz-und-partner.de\/#organization","name":"Sch\u00fctz und Partner | Agentur f\u00fcr Kommunikation","alternateName":"Sch\u00fctz und Partner","url":"https:\/\/schuetz-und-partner.de\/","logo":{"@type":"ImageObject","inLanguage":"de","@id":"https:\/\/schuetz-und-partner.de\/#\/schema\/logo\/image\/","url":"https:\/\/schuetz-und-partner.de\/wp-content\/uploads\/2024\/04\/LogoPlus.png","contentUrl":"https:\/\/schuetz-und-partner.de\/wp-content\/uploads\/2024\/04\/LogoPlus.png","width":512,"height":512,"caption":"Sch\u00fctz und Partner | Agentur f\u00fcr Kommunikation"},"image":{"@id":"https:\/\/schuetz-und-partner.de\/#\/schema\/logo\/image\/"}}]}},"_links":{"self":[{"href":"https:\/\/schuetz-und-partner.de\/index.php\/wp-json\/wp\/v2\/pages\/51","targetHints":{"allow":["GET"]}}],"collection":[{"href":"https:\/\/schuetz-und-partner.de\/index.php\/wp-json\/wp\/v2\/pages"}],"about":[{"href":"https:\/\/schuetz-und-partner.de\/index.php\/wp-json\/wp\/v2\/types\/page"}],"author":[{"embeddable":true,"href":"https:\/\/schuetz-und-partner.de\/index.php\/wp-json\/wp\/v2\/users\/1"}],"replies":[{"embeddable":true,"href":"https:\/\/schuetz-und-partner.de\/index.php\/wp-json\/wp\/v2\/comments?post=51"}],"version-history":[{"count":63,"href":"https:\/\/schuetz-und-partner.de\/index.php\/wp-json\/wp\/v2\/pages\/51\/revisions"}],"predecessor-version":[{"id":147,"href":"https:\/\/schuetz-und-partner.de\/index.php\/wp-json\/wp\/v2\/pages\/51\/revisions\/147"}],"wp:attachment":[{"href":"https:\/\/schuetz-und-partner.de\/index.php\/wp-json\/wp\/v2\/media?parent=51"}],"curies":[{"name":"wp","href":"https:\/\/api.w.org\/{rel}","templated":true}]}}